git of s?
1
Let i be (-15)/5 + (11 - 0). Suppose d = -c + 2*c + 2, -4*c = 3*d + i. Suppose d = -4*j - 2*a + 39 + 39, 0 = -5*a + 5. What is the units digit of j?
9
Suppose -117 = -7*d - 6*d. Let o = d - -172. What is the hundreds digit of o?
1
Let q(b) be the first derivative of 29*b**5/30 + b**3/6 - 5*b**2 - 2. Let p(u) be the second derivative of q(u). What is the units digit of p(-1)?
9
Let l = -605 + 995. What is the tens digit of l?
9
Suppose -s - 1 + 5 = r, 2*r - 4*s - 14 = 0. What is the tens digit of (r/3)/(-5*4/(-660))?
5
Let t = 301 - 215. What is the tens digit of t?
8
Let m(r) = -r**3 - 3*r**2 - 2*r - 4. Let b be m(-3). Suppose 4*x - b*a - 546 = 0, -2*a = x + 3*a - 153. What is the hundreds digit of x?
1
Let c(g) = g**3 + 6*g**2 + 9*g + 7. Let z be c(-4). Suppose -z*r + 6*r = x + 256, 4*x = r - 100. What is the tens digit of r?
8
Suppose -8*d + 936 = -5*d. What is the units digit of d?
2
Suppose 11 = s + 3. Suppose -s*b = -5*b + 2256. What is the units digit of (2/(-8))/(4/b)?
7
Let u be 1738/26 - (-10)/65. Suppose 0 = 71*m - u*m - 340. What is the tens digit of m?
8
Let q be (-500)/(-6) - (-10)/15. Suppose 2*d - 5*s - 94 = -d, 3*s = 3*d - q. What is the tens digit of d?
2
Let i = 11 + -29. What is the units digit of (-2)/i + 1876/126?
5
Let w(l) = 19*l**3 - 2*l + 1. Let c = 4 + -2. Suppose -5*r = 4*q - r + 4, c*r = 5*q - 9. What is the units digit of w(q)?
8
Suppose 19*f - 6350 = 1497. What is the units digit of f?
3
Let i(h) = h**3 + 13*h**2 + 4*h + 14. Let g be i(-7). What is the units digit of (-1)/2 + g/16?
7
Suppose -g = -2*t - 2, 6*g - 10 = -3*t + g. Suppose 2*u - 4*u + 354 = t. What is the tens digit of u?
7
Suppose -24 = -g + 5*w, -4*g + 111 = -9*w + 4*w. Suppose g = 3*z + 2*j + 131, -j = 0. Let l = 38 + z. What is the units digit of l?
4
Let d(v) = -102*v. Let r be ((-1)/(-3))/(((-24)/18)/4). What is the tens digit of d(r)?
0
Let a = -9 + 142. What is the units digit of a?
3
Suppose 0 = -6*o - 377 + 1403. What is the tens digit of o?
7
Let h(u) = -u**2 + 16*u + 8. Let c be h(12). Suppose 3*t - y - 87 = 0, y - c = 5*t - 199. Let x = 56 - t. What is the units digit of x?
8
Let l be (-1066)/(-6) + 0 + (-1)/(-3). Suppose 3*y - 125 - 143 = -s, 2*y = -s + l. What is the units digit of y?
0
Let y(c) be the second derivative of -c**5/10 - 2*c**4/3 + c**3/6 - 5*c**2 + 11*c. What is the tens digit of y(-6)?
2
Let x be (-4)/(-3 - 1) - -13. Let r = x - -60. What is the tens digit of r?
7
Let q = 463 - 156. What is the units digit of q?
7
What is the tens digit of ((-58)/(-145))/((-2)/(-30)) - -1706?
1
Let a = 119 - 26. Suppose -3*i = 3*c - 4*c - 96, -2*c = -3*i + a. Suppose -4*g + 42 = 5*p, 4*p + 3*g = -0*g + i. What is the units digit of p?
6
Let k(c) = 9*c**3 - 5*c**2 - 30*c. Let h be k(7). Suppose h + 82 = 23*w. What is the hundreds digit of w?
1
Let q(h) = -9*h - 117. What is the units digit of q(-15)?
8
Suppose -3*l + 1 = -5. Suppose l*a = -2*a - 76. Let k = 46 + a. What is the tens digit of k?
2
Let h be 2 - 1*(1 - 4)*15. Suppose 44*q = h*q - 519. What is the tens digit of q?
7
Let i = 30 - 24. Suppose 968 = 5*z + i*z. What is the tens digit of z?
8
Let x = 40 - 16. What is the units digit of 1*(-9)/((-27)/x)?
8
Let s = 19 + -14. Suppose 5*q - s*g - 280 = 0, g + 30 + 80 = 2*q. What is the tens digit of q?
5
Suppose 39*p - 30689 = 5230. What is the tens digit of p?
2
Let m = 1032 + -435. What is the units digit of m?
7
Let k(y) = -y**3 - 2*y**2 + y - 7. Let x be k(-6). Suppose -2*t + f + 4*f = -x, 0 = 5*f + 25. What is the tens digit of t?
5
Suppose 44*o = 2357 + 170827. What is the tens digit of o?
3
Let z(x) = -x**2 - 9*x - 10. Let l be z(-7). Suppose 0*k = -2*i - l*k, 3*k = 0. Suppose -r + i = -9. What is the units digit of r?
9
Suppose -4*o + 3*x + 483 = 0, -2*x + 3*x = 4*o - 489. Let h = 80 - o. Let q = h - -75. What is the tens digit of q?
3
Let u = 21 + -19. Let s be u - -27*(-2)/(-2). Suppose w = -2*m + 95, 3*m + 3*w = 115 + s. What is the units digit of m?
7
Suppose 0 = 13*a - a - 2076. What is the tens digit of a?
7
What is the tens digit of -6 + 2209 + (8 - (3 - 1))?
0
What is the tens digit of (-4)/((-24)/(-981))*(-80)/24?
4
Suppose -102 = 5*i - 317. Suppose -i*a = -41*a - 96. What is the units digit of a?
8
Suppose 0*z + z + 5 = p, -p = 5*z + 49. Let b be (z/18)/(1/(-140)). Suppose 2*d - 6*d + b = c, -d - 5*c = -8. What is the tens digit of d?
1
What is the tens digit of 21745/25 - 1/(-5)?
7
Suppose 32*c - 33*c + 4 = 0. Let x be -2 - (-3 + (1 - 0)). Suppose x = -c*g + 2*g + 72. What is the tens digit of g?
3
Let p(x) = -76*x + 170. What is the tens digit of p(-15)?
1
Suppose -2*m - 5*q + 4189 = 0, -2*q + 38 = -m + 2128. What is the units digit of m?
2
Let o(j) = -j - 11. Let v be o(-11). Let c be 13/(-2 + 3 + v). Suppose i = 4*t - 25 - c, -2*t = -5*i - 10. What is the tens digit of t?
1
Suppose -4*c - 166*b = -171*b - 3188, -2*c + 5*b = -1584. What is the units digit of c?
2
Let y = 33 + -47. Let c = -11 - y. Suppose 0 = -c*i + 126 + 57. What is the units digit of i?
1
Let l be (1/(-2))/(2*3/(-60)). Suppose -378 = -l*m - 3*o, m - o + 0*o = 82. What is the units digit of m?
8
Let s be -3*1/(-6)*(-2 - -4). What is the units digit of 2/s*(13 - (-4)/2)?
0
Let a = 34 - 32. Suppose 5*y = a*l - 104, -4*l - 5*y + 22 = -3*l. What is the units digit of l?
2
Suppose -14 = -4*o + 2. Suppose 0*w = -o*k + 5*w + 27, -2*k + 4*w + 12 = 0. What is the units digit of 14/k + 8/32?
2
Suppose -v - 3*m + 927 = 0, -3*v - 3*m + 2788 = -m. What is the units digit of v?
0
Let r(w) = 90*w - 351. What is the units digit of r(64)?
9
Let z = -67 + 75. What is the units digit of z?
8
Let f(g) = 14*g - g**2 + g**3 + 17*g - 27*g. What is the units digit of f(3)?
0
Suppose -4*n + 0*n = 0. Suppose 0 = -4*l - 0*f + f + 10, f + 2 = n. Suppose l*w - 109 = -5*j + 77, -2*j - 3*w = -81. What is the units digit of j?
6
Let o(d) = -2*d**3 - 11*d**2 + 31*d + 1. What is the hundreds digit of o(-10)?
5
Let j(k) = -53*k - 25. Let s = 139 + -141. What is the units digit of j(s)?
1
Suppose -6*v + 4715 = -3463. What is the units digit of v?
3
Let x = -1 - -2. Suppose -2*m = -3 - x. Let v(n) = 12*n + 1. What is the tens digit of v(m)?
2
Suppose 3*y = -u + 565, -4*y + 2*u + 0*u = -750. Suppose -48 + y = 4*r. What is the units digit of r?
5
Let t be -1 - (-10)/(-5)*-2. Suppose t*f + 0*f = 15. What is the units digit of f?
5
Let c(l) = 29*l + 50. What is the units digit of c(6)?
4
What is the units digit of 1 - -4*(-2 + (-2492)/(-16))?
6
Let z(c) = -16*c**2 - 1. Let h be z(2). Let y = h + 131. What is the tens digit of y?
6
Let p(d) = 5*d**2 - 2*d - 1. Let z be -2 - 0*1/(-3). What is the units digit of p(z)?
3
Suppose -5*g - x + 1 = 118, -x + 3 = 0. Let u = g + 24. Suppose u*v + 360 = 5*v. What is the tens digit of v?
7
Suppose s = 5*j - 798, j - 8*s - 166 = -11*s. What is the hundreds digit of j?
1
Suppose -6*y + y - 2*t = 35, -5*t = -4*y - 28. Let f(s) = -23*s + 64. What is the hundreds digit of f(y)?
2
Let k = -16 + 22. Suppose 2*f - k + 0 = 0. Suppose 8*c - 175 = f*c. What is the units digit of c?
5
Suppose 5*g - 678 = 1272. What is the tens digit of g?
9
Let a(i) = -7*i + 100. What is the tens digit of a(-17)?
1
Let w(y) = 7*y + 5. Let f be (-7 + -15)/(3 - 1). Let s = -8 - f. What is the units digit of w(s)?
6
Suppose 3*t - 6313 = -6*w + 4*w, 5*w - 15770 = 5*t. What is the tens digit of w?
5
Let w(f) = 31*f + 34. Let l be w(-7). Let h = l - -308. What is the units digit of h?
5
What is the thousands digit of (-9)/((-144)/136)*192?
1
Let z = -574 - -975. What is the units digit of z?
1
Let w(s) = 2*s**2 + s - 16. Let j be w(-5). Suppose -v - 4*f + 121 = j, 0 = 4*v - 5*f - 263. What is the units digit of v?
2
Let r(p) = 22*p**2 - p. Let y = 24 - 23. Let q be r(y). What is the tens digit of 28/(-21)*q/(-2)?
1
Suppose -24*d - 4*n = -19*d - 2562, 2*d = -5*n + 1035. What is the hundreds digit of d?
5
Let n = -11 + 5. Let q be 36/24*(-56)/n. Suppose -q = -4*w + 18. What is the units digit of w?
8
Suppose 448 = m + 3*n, -3*m = -5*n + 7*n - 1330. What is the tens digit of m?
4
Let d(f) be the first derivative of 4*f**2 + 2*f - 12. Let q = 21 - 15. What is the units digit of d(q)?
0
Let b = -40 - -311. What is the tens digit of b?
7
Suppose -41 = -3*j + 103. Let f(a) = 6